se 8, what is 57411 - -7?
57420
In base 6, what is 2522510 + 10?
2522520
In base 4, what is 11 - -120301?
120312
In base 6, what is 2 - 21215055?
-21215053
In base 11, what is 1532 + 32?
1564
In base 3, what is 21021212 + 11?
21022000
In base 2, what is 10 + 100101011101?
100101011111
In base 4, what is 10 + 332301323?
332301333
In base 15, what is 6981 - a?
6976
In base 14, what is -286 + -94d?
-bd5
In base 16, what is -181d4 - -1?
-181d3
In base 6, what is -3131 - -23401?
20230
In base 9, what is 1 - 22682?
-22681
In base 13, what is 1c08b - 6?
1c085
In base 9, what is -54104 + -107?
-54212
In base 14, what is -6b5bd - 5?
-6b5c4
In base 12, what is 4 + -464911?
-464909
In base 8, what is 736 - -213?
1151
In base 9, what is 3 - 188007?
-188004
In base 10, what is 126 - 1253?
-1127
In base 10, what is -5 + 93958?
93953
In base 10, what is -5734 - 9?
-5743
In base 5, what is 443 + 1304?
2302
In base 5, what is 10 + -143043?
-143033
In base 3, what is -201 + 1200100000?
1200022022
In base 7, what is 6 - -21645?
21654
In base 7, what is 232123 - 0?
232123
In base 14, what is -a6798 - -10?
-a6788
In base 10, what is -6 - -51977?
51971
In base 3, what is 12121 + 110101?
122222
In base 6, what is 10044 - -20?
10104
In base 6, what is 1 - 31025?
-31024
In base 12, what is -39693 - 5?
-39698
In base 11, what is 2 + 3a496?
3a498
In base 16, what is 4 + 34ee?
34f2
In base 2, what is 10100 - 1000011100110?
-1000011010010
In base 12, what is 242 - 172b?
-14a9
In base 13, what is -3895 - -8?
-388a
In base 12, what is -2876 + -3?
-2879
In base 15, what is -43d4 + -4?
-43d8
In base 3, what is 0 - 10000222012022?
-10000222012022
In base 5, what is -12021020 + -10?
-12021030
In base 11, what is 19a68 - -2?
19a6a
In base 16, what is -275 + -5c7?
-83c
In base 13, what is 1c2 - -2375?
2567
In base 5, what is -30123 + 14123?
-11000
In base 9, what is -444 + 823?
368
In base 13, what is -1484 + -9?
-1490
In base 9, what is -48885 + 7?
-48877
In base 7, what is -351 + -5146?
-5530
In base 8, what is 17 - 276424?
-276405
In base 2, what is -10000000 + 10010011010?
10000011010
In base 15, what is 5 - 232?
-22c
In base 9, what is 2 - -728062?
728064
In base 3, what is 210122221 + -11?
210122210
In base 8, what is 7 - 646?
-637
In base 8, what is -16457 + -3?
-16462
In base 11, what is 52523 - -12?
52535
In base 2, what is -100101000111100101110 - 100?
-100101000111100110010
In base 6, what is -5340331 + -1?
-5340332
In base 6, what is -220125 - -200?
-215525
In base 6, what is -230432 + 35?
-230353
In base 14, what is 109a4d - -3?
109a52
In base 15, what is 1d857 - b?
1d84b
In base 11, what is -6 - 141917?
-141922
In base 7, what is 4444366 + -2?
4444364
In base 5, what is 2 + -1221422?
-1221420
In base 11, what is 3688 - -181?
3859
In base 6, what is -1223 - 143?
-1410
In base 2, what is -1010 + 10000101111000011111?
10000101111000010101
In base 8, what is -3 + -52565?
-52570
In base 11, what is 175 - 20835?
-20670
In base 15, what is 8 + 8874?
887c
In base 16, what is 3 + -73eee?
-73eeb
In base 4, what is -33130201 + 3?
-33130132
In base 10, what is 1496 - -125?
1621
In base 7, what is 0 + 6463?
6463
In base 12, what is 426124 - 1?
426123
In base 3, what is -1 - 1020110020111?
-1020110020112
In base 5, what is 20034 - -130?
20214
In base 15, what is -152 - -204c?
1dea
In base 9, what is -1502 - -1?
-1501
In base 3, what is -10 - 201012000?
-201012010
In base 11, what is -5a973 + -7?
-5a97a
In base 6, what is -3020 - 110?
-3130
In base 14, what is 45d6 + 10?
4606
In base 15, what is -302a - 117?
-3142
In base 4, what is 10 + 13331232?
13331302
In base 6, what is 50102 - 2?
50100
In base 10, what is 6305 + -35?
6270
In base 5, what is -11132 + -1031?
-12213
In base 3, what is -12 - -2000002?
1222220
In base 14, what is -ba631 - b?
-ba63c
In base 10, what is -11 + 4707?
4696
In base 4, what is -2 - 10112223331?
-10112223333
In base 13, what is 9363 + 39?
939c
In base 5, what is 32311 + -131?
32130
In base 4, what is 30313102233 + -10?
30313102223
In base 12, what is -17672a + 1?
-176729
In base 2, what is -1000111 - 10111011011?
-11000100010
In base 14, what is 8 - 4068d?
-40685
In base 10, what is 65 + -2315?
-2250
In base 3, what is 111012100 - -212?
111020012
In base 3, what is 21012 + -20122?
120
In base 12, what is 1628 + -73?
1575
In base 9, what is -112713 - 2?
-112715
In base 5, what is -2 + -20030000?
-20030002
In base 8, what is 5241 - -54?
5315
In base 9, what is 5052 - 2?
5050
In base 7, what is -304 + 1561?
1254
In base 13, what is 59 - 4148?
-40bc
In base 2, what is 10011101 + -100101?
1111000
In base 16, what is 29c + d4?
370
In base 15, what is -3691 - -1d?
-3673
In base 13, what is -3 - a186?
-a189
In base 7, what is 34 - 1066?
-1032
In base 7, what is -212 - 1522?
-2034
In base 15, what is -13 - 216?
-229
In base 15, what is 7c86 - -6?
7c8c
In base 9, what is 8674 + -13?
8661
In base 4, what is -31111301 - -13?
-31111222
In base 11, what is 2 + -467a06?
-467a04
In base 13, what is 8 + 2445?
2450
In base 3, what is 12120122222 + 10?
12120200002
In base 4, what is 3032 + 31331?
101023
In base 8, what is -7 + 344051?
344042
In base 8, what is 220 + -40524?
-40304
In base 6, what is -2502 - 2002?
-4504
In base 7, what is -11265666 + 0?
-11265666
In base 2, what is 11101000100 - 100111001?
11000001011
In base 6, what is 1522510 - 5?
1522501
In base 3, what is -121010 + 101100?
-12210
In base 2, what is 1101 + 100101001100110?
100101001110011
In base 7, what is -622423 - -3?
-622420
In base 11, what is 12 + 3463?
3475
In base 13, what is 4 - -11848?
1184c
In base 13, what is -79 - -544?
498
In base 14, what is -5 - -66c99?
66c94
In base 10, what is 1531 + -6?
1525
In base 11, what is 1 - 249447?
-249446
In base 14, what is 2 - 2bb91?
-2bb8d
In base 10, what is -12237 - -19?
-12218
In base 4, what is 1030100 + -3?
1030031
In base 12, what is 107 - -1321?
1428
In base 4, what is 2002003 - -232?
2002301
In base 3, what is 10 + -200010012?
-200010002
In base 2, what is 1100000011 - -1001001000?
10101001011
In base 4, what is -33 + 132032?
131333
In base 12, what is -32b8 + -227?
-3523
In base 16, what is -4 - -29a57?
29a53
In base 16, what is -3622 - 5?
-3627
In base 4, what is 23203 - -103?
23312
In base 12, what is 123 + -126a8?
-12585
In base 5, what is -104014 + 3?
-104011
In base 12, what is 56 + 840?
896
In base 4, what is 10 + 203002011?
203002021
In base 6, what is -1 - 1315020?
-1315021
In base 7, what is 6415 + 21?
6436
In base 5, what is 1 + -2202044?
-2202043
In base 6, what is 34410 - -22?
34432
In base 7, what is -35105 - 350?
-35455
In base 10, what is 60 + -3913?
-3853
In base 10, what is -1 + -30096?
-30097
In base 14, what is -590b + 5?
-5906
In base 16, what is -1c38 + 4?
-1c34
In base 2, what is -10010011100 + -1100011100?
-11110111000
In base 2, what is -10101101010000 + -11110?
-10101101101110
In base 13, what is 1a - -814?
831
In base 6, what is -314 - -140?
-134
In base 9, what is -42658 + 25?
-42633
In base 14, what is -a7 + 1b0a?
1a43
In base 16, what is -5f74 - -11?
-5f63
In base 8, what is -5 - -16724?
16717
In base 15, what is -227b - -7e?
-21ec
In base 7, what is -5 + 31312?
31304
In base 12, what is b6 + 3?
b9
In base 9, what is 4 - -216576?
216581
In base 11, what is 1 + 7460?
7461
In base 12, what is -3 - -324a?
3247
In base 9, what is 10 - 64404?
-64384
In base 12, what is 1 + -a570?
-a56b
In base 9, what is -13108487 + 3?
-13108484
In base 11, what is -a021 - -12?
-a00a
In base 14, what is -152 - -6dd?
58b
In base 9, what is 0 + 1813106?
1813106
In base 2, what is -1011010011111 - 101011001?
-1011111111000
In base 4, what is 320002 - -10?
320012
In base 8, what is 36603 + -277?
36304
In base 9, what is -53654 - 11?
-53665
In base 9, what is -2 - -1302187?
1302185
In base 12, what is 25887 - -36?
25901
In base 6, what is 1 - 4435?
-4434
In base 12, what is 56 + 7b0?
846
In base 12, what is -180 + -262?
-422
In base 4, what is -10 + -13002?
-13012
In base 7, what is 2020534 + -2?
2020532
In base 6, what is 253 + 0?
253
In base 7, what is 2 + 6205033?
6205035
In base 8, what is -5242 - -451?
-4571
In base 8, what is 101 - -2631?
2732
In base 6, what is 5120532 - 3?
5120525
In base 14, what is -48 - a1?
-109
In base 15, what i